{"id":86,"date":"2020-10-29T11:39:36","date_gmt":"2020-10-29T09:39:36","guid":{"rendered":"http:\/\/89.166.51.80\/~pohjoispaij\/ahtola\/?page_id=86"},"modified":"2025-12-31T09:27:12","modified_gmt":"2025-12-31T07:27:12","slug":"lupamaksut-ja-ohjeet","status":"publish","type":"page","link":"https:\/\/pihtiputaankalatalousalue.fi\/kolima\/luvat\/lupamaksut-ja-ohjeet\/","title":{"rendered":"Lupamaksut ja ohjeet"},"content":{"rendered":"\n<h2 class=\"wp-block-heading\">Lupamaksut ja ohjeet<\/h2>\n\n\n\n<p><strong>Koliman osakaskunta kalastusluvat ja lupaohje<\/strong><\/p>\n\n\n\n<p>Verkko 3\/30m:&nbsp; 5\u20ac osakkaat, 10 \u20ac ei osakkaat<\/p>\n\n\n\n<p>Verkko 6\/60m( 2 merkki\u00e4): 10\u20ac osakkaat, 20\u20ac ei osakkaat<\/p>\n\n\n\n<p>Viehevapa (3 vapaa): 5\u20ac osakkaat, 10 \u20ac ei osakkaat<\/p>\n\n\n\n<p>lis\u00e4vavat (1-3): 5\u20ac\/kpl osakkaat, 10 \u20ac\/kpl ei osakkaat<\/p>\n\n\n\n<p>Nuotta:&nbsp; ei osakkaat 40\u20ac, Osakkaille ilmainen.<\/p>\n\n\n\n<p>Pitk\u00e4st\u00e4siimasta, tuulastuksesta ja katiskasta ei perit\u00e4 maksua.<\/p>\n\n\n\n<p>Kaikki pyydykset on&nbsp; merkitt\u00e4v\u00e4 siten, ett\u00e4 kalanpyyt\u00e4j\u00e4n yhteystiedot selvi\u00e4v\u00e4t. Pyydysmerkkiin pit\u00e4\u00e4 kalastuslain mukaan kirjoittaa kalanpyyt\u00e4j\u00e4n nimi ja puhelinnumero.<\/p>\n\n\n\n<p>Ravustus on kielletty osakaskunnan alueella.<\/p>\n\n\n\n<p>V\u00e4likoon verkot&nbsp; (solmuv\u00e4li 31 \u2013 54 mm) ovat kiellettyj\u00e4 l\u00e4pi vuoden pois lukien alle kahden metrin syvyiset pyydysalueet.<\/p>\n\n\n\n<p>Osakaskunta suosittelee solmuv\u00e4lilt\u00e4\u00e4n yli 60 mm:n verkkokokoa.<\/p>\n\n\n\n<p>Luukkaansalmi ja Koskilahti on rauhoitettu verkkokalastukselta. Koskilahden rajoitusalue rajautuu Taivalniemest\u00e4 Laajaanlahteen.<\/p>\n\n\n\n<p>K\u00e4rn\u00e4j\u00e4rvess\u00e4 ja Kellanj\u00e4rvess\u00e4 verkkopyynti on kielletty 1.9. \u2013 15.11. v\u00e4lisen ajan.<\/p>\n\n\n\n<p>Maakunnat<br>Keski-Suomi<\/p>\n\n\n\n<p>Kunnat<br>Viitasaari<\/p>\n\n\n\n<p>J\u00e4rvet<br>Kellanj\u00e4rvi, Kolima, Kolkku, K\u00e4rn\u00e4nj\u00e4rvi<\/p>\n\n\n\n<p><\/p>\n","protected":false},"excerpt":{"rendered":"<p>Lupamaksut ja ohjeet Koliman osakaskunta kalastusluvat ja lupaohje Verkko 3\/30m:&nbsp; 5\u20ac osakkaat, 10 \u20ac ei osakkaat Verkko 6\/60m( 2 merkki\u00e4): 10\u20ac osakkaat, 20\u20ac ei osakkaat Viehevapa (3 vapaa): 5\u20ac osakkaat, 10 \u20ac ei osakkaat lis\u00e4vavat (1-3): 5\u20ac\/kpl osakkaat, 10 \u20ac\/kpl ei osakkaat Nuotta:&nbsp; ei osakkaat 40\u20ac, Osakkaille ilmainen. Pitk\u00e4st\u00e4siimasta, tuulastuksesta ja katiskasta ei perit\u00e4 maksua.<\/p>\n<p><a class=\"moretag\" href=\"https:\/\/pihtiputaankalatalousalue.fi\/kolima\/luvat\/lupamaksut-ja-ohjeet\/\"> Lue lis\u00e4\u00e4 ><\/a><\/p>\n","protected":false},"author":1,"featured_media":0,"parent":45,"menu_order":0,"comment_status":"closed","ping_status":"closed","template":"basic-sivu.php","meta":{"_acf_changed":false,"footnotes":""},"class_list":["post-86","page","type-page","status-publish","hentry"],"acf":[],"yoast_head":"<!-- This site is optimized with the Yoast SEO plugin v27.1.1 - https:\/\/yoast.com\/product\/yoast-seo-wordpress\/ -->\n<title>Lupamaksut ja ohjeet - Koliman osakaskunta<\/title>\n<meta name=\"robots\" content=\"index, follow, max-snippet:-1, max-image-preview:large, max-video-preview:-1\" \/>\n<link rel=\"canonical\" href=\"https:\/\/pihtiputaankalatalousalue.fi\/kolima\/luvat\/lupamaksut-ja-ohjeet\/\" \/>\n<meta property=\"og:locale\" content=\"fi_FI\" \/>\n<meta property=\"og:type\" content=\"article\" \/>\n<meta property=\"og:title\" content=\"Lupamaksut ja ohjeet - Koliman osakaskunta\" \/>\n<meta property=\"og:description\" content=\"Lupamaksut ja ohjeet Koliman osakaskunta kalastusluvat ja lupaohje Verkko 3\/30m:&nbsp; 5\u20ac osakkaat, 10 \u20ac ei osakkaat Verkko 6\/60m( 2 merkki\u00e4): 10\u20ac osakkaat, 20\u20ac ei osakkaat Viehevapa (3 vapaa): 5\u20ac osakkaat, 10 \u20ac ei osakkaat lis\u00e4vavat (1-3): 5\u20ac\/kpl osakkaat, 10 \u20ac\/kpl ei osakkaat Nuotta:&nbsp; ei osakkaat 40\u20ac, Osakkaille ilmainen. Pitk\u00e4st\u00e4siimasta, tuulastuksesta ja katiskasta ei perit\u00e4 maksua. Lue lis\u00e4\u00e4 &gt;\" \/>\n<meta property=\"og:url\" content=\"https:\/\/pihtiputaankalatalousalue.fi\/kolima\/luvat\/lupamaksut-ja-ohjeet\/\" \/>\n<meta property=\"og:site_name\" content=\"Koliman osakaskunta\" \/>\n<meta property=\"article:modified_time\" content=\"2025-12-31T07:27:12+00:00\" \/>\n<meta name=\"twitter:card\" content=\"summary_large_image\" \/>\n<meta name=\"twitter:label1\" content=\"Arvioitu lukuaika\" \/>\n\t<meta name=\"twitter:data1\" content=\"1 minuutti\" \/>\n<script type=\"application\/ld+json\" class=\"yoast-schema-graph\">{\"@context\":\"https:\/\/schema.org\",\"@graph\":[{\"@type\":\"WebPage\",\"@id\":\"https:\/\/pihtiputaankalatalousalue.fi\/kolima\/luvat\/lupamaksut-ja-ohjeet\/\",\"url\":\"https:\/\/pihtiputaankalatalousalue.fi\/kolima\/luvat\/lupamaksut-ja-ohjeet\/\",\"name\":\"Lupamaksut ja ohjeet - Koliman osakaskunta\",\"isPartOf\":{\"@id\":\"https:\/\/pihtiputaankalatalousalue.fi\/kolima\/#website\"},\"datePublished\":\"2020-10-29T09:39:36+00:00\",\"dateModified\":\"2025-12-31T07:27:12+00:00\",\"breadcrumb\":{\"@id\":\"https:\/\/pihtiputaankalatalousalue.fi\/kolima\/luvat\/lupamaksut-ja-ohjeet\/#breadcrumb\"},\"inLanguage\":\"fi\",\"potentialAction\":[{\"@type\":\"ReadAction\",\"target\":[\"https:\/\/pihtiputaankalatalousalue.fi\/kolima\/luvat\/lupamaksut-ja-ohjeet\/\"]}]},{\"@type\":\"BreadcrumbList\",\"@id\":\"https:\/\/pihtiputaankalatalousalue.fi\/kolima\/luvat\/lupamaksut-ja-ohjeet\/#breadcrumb\",\"itemListElement\":[{\"@type\":\"ListItem\",\"position\":1,\"name\":\"Home\",\"item\":\"https:\/\/pihtiputaankalatalousalue.fi\/kolima\/\"},{\"@type\":\"ListItem\",\"position\":2,\"name\":\"Yksityinen: Luvat\",\"item\":\"https:\/\/pihtiputaankalatalousalue.fi\/kolima\/?page_id=45\"},{\"@type\":\"ListItem\",\"position\":3,\"name\":\"Lupamaksut ja ohjeet\"}]},{\"@type\":\"WebSite\",\"@id\":\"https:\/\/pihtiputaankalatalousalue.fi\/kolima\/#website\",\"url\":\"https:\/\/pihtiputaankalatalousalue.fi\/kolima\/\",\"name\":\"Koliman osakaskunta\",\"description\":\"\",\"potentialAction\":[{\"@type\":\"SearchAction\",\"target\":{\"@type\":\"EntryPoint\",\"urlTemplate\":\"https:\/\/pihtiputaankalatalousalue.fi\/kolima\/?s={search_term_string}\"},\"query-input\":{\"@type\":\"PropertyValueSpecification\",\"valueRequired\":true,\"valueName\":\"search_term_string\"}}],\"inLanguage\":\"fi\"}]}<\/script>\n<!-- \/ Yoast SEO plugin. -->","yoast_head_json":{"title":"Lupamaksut ja ohjeet - Koliman osakaskunta","robots":{"index":"index","follow":"follow","max-snippet":"max-snippet:-1","max-image-preview":"max-image-preview:large","max-video-preview":"max-video-preview:-1"},"canonical":"https:\/\/pihtiputaankalatalousalue.fi\/kolima\/luvat\/lupamaksut-ja-ohjeet\/","og_locale":"fi_FI","og_type":"article","og_title":"Lupamaksut ja ohjeet - Koliman osakaskunta","og_description":"Lupamaksut ja ohjeet Koliman osakaskunta kalastusluvat ja lupaohje Verkko 3\/30m:&nbsp; 5\u20ac osakkaat, 10 \u20ac ei osakkaat Verkko 6\/60m( 2 merkki\u00e4): 10\u20ac osakkaat, 20\u20ac ei osakkaat Viehevapa (3 vapaa): 5\u20ac osakkaat, 10 \u20ac ei osakkaat lis\u00e4vavat (1-3): 5\u20ac\/kpl osakkaat, 10 \u20ac\/kpl ei osakkaat Nuotta:&nbsp; ei osakkaat 40\u20ac, Osakkaille ilmainen. Pitk\u00e4st\u00e4siimasta, tuulastuksesta ja katiskasta ei perit\u00e4 maksua. Lue lis\u00e4\u00e4 >","og_url":"https:\/\/pihtiputaankalatalousalue.fi\/kolima\/luvat\/lupamaksut-ja-ohjeet\/","og_site_name":"Koliman osakaskunta","article_modified_time":"2025-12-31T07:27:12+00:00","twitter_card":"summary_large_image","twitter_misc":{"Arvioitu lukuaika":"1 minuutti"},"schema":{"@context":"https:\/\/schema.org","@graph":[{"@type":"WebPage","@id":"https:\/\/pihtiputaankalatalousalue.fi\/kolima\/luvat\/lupamaksut-ja-ohjeet\/","url":"https:\/\/pihtiputaankalatalousalue.fi\/kolima\/luvat\/lupamaksut-ja-ohjeet\/","name":"Lupamaksut ja ohjeet - Koliman osakaskunta","isPartOf":{"@id":"https:\/\/pihtiputaankalatalousalue.fi\/kolima\/#website"},"datePublished":"2020-10-29T09:39:36+00:00","dateModified":"2025-12-31T07:27:12+00:00","breadcrumb":{"@id":"https:\/\/pihtiputaankalatalousalue.fi\/kolima\/luvat\/lupamaksut-ja-ohjeet\/#breadcrumb"},"inLanguage":"fi","potentialAction":[{"@type":"ReadAction","target":["https:\/\/pihtiputaankalatalousalue.fi\/kolima\/luvat\/lupamaksut-ja-ohjeet\/"]}]},{"@type":"BreadcrumbList","@id":"https:\/\/pihtiputaankalatalousalue.fi\/kolima\/luvat\/lupamaksut-ja-ohjeet\/#breadcrumb","itemListElement":[{"@type":"ListItem","position":1,"name":"Home","item":"https:\/\/pihtiputaankalatalousalue.fi\/kolima\/"},{"@type":"ListItem","position":2,"name":"Yksityinen: Luvat","item":"https:\/\/pihtiputaankalatalousalue.fi\/kolima\/?page_id=45"},{"@type":"ListItem","position":3,"name":"Lupamaksut ja ohjeet"}]},{"@type":"WebSite","@id":"https:\/\/pihtiputaankalatalousalue.fi\/kolima\/#website","url":"https:\/\/pihtiputaankalatalousalue.fi\/kolima\/","name":"Koliman osakaskunta","description":"","potentialAction":[{"@type":"SearchAction","target":{"@type":"EntryPoint","urlTemplate":"https:\/\/pihtiputaankalatalousalue.fi\/kolima\/?s={search_term_string}"},"query-input":{"@type":"PropertyValueSpecification","valueRequired":true,"valueName":"search_term_string"}}],"inLanguage":"fi"}]}},"_links":{"self":[{"href":"https:\/\/pihtiputaankalatalousalue.fi\/kolima\/wp-json\/wp\/v2\/pages\/86","targetHints":{"allow":["GET"]}}],"collection":[{"href":"https:\/\/pihtiputaankalatalousalue.fi\/kolima\/wp-json\/wp\/v2\/pages"}],"about":[{"href":"https:\/\/pihtiputaankalatalousalue.fi\/kolima\/wp-json\/wp\/v2\/types\/page"}],"author":[{"embeddable":true,"href":"https:\/\/pihtiputaankalatalousalue.fi\/kolima\/wp-json\/wp\/v2\/users\/1"}],"replies":[{"embeddable":true,"href":"https:\/\/pihtiputaankalatalousalue.fi\/kolima\/wp-json\/wp\/v2\/comments?post=86"}],"version-history":[{"count":11,"href":"https:\/\/pihtiputaankalatalousalue.fi\/kolima\/wp-json\/wp\/v2\/pages\/86\/revisions"}],"predecessor-version":[{"id":434,"href":"https:\/\/pihtiputaankalatalousalue.fi\/kolima\/wp-json\/wp\/v2\/pages\/86\/revisions\/434"}],"up":[{"embeddable":true,"href":"https:\/\/pihtiputaankalatalousalue.fi\/kolima\/wp-json\/wp\/v2\/pages\/45"}],"wp:attachment":[{"href":"https:\/\/pihtiputaankalatalousalue.fi\/kolima\/wp-json\/wp\/v2\/media?parent=86"}],"curies":[{"name":"wp","href":"https:\/\/api.w.org\/{rel}","templated":true}]}}